 v**3/3 + 63*v**2/2 + 1025*v + 2. Give u(8).
-17
Suppose -24*y = -13*y. Suppose y = -3*u + 5*l + 16, -3*u - 2*l = -0*l + 19. Let j(n) = -3*n - 3. What is j(u)?
6
Let r(y) = -y - 5. Let w(s) = -s**2 + s + 1. Let h(t) = -6*t**2 + 14*t + 31. Let p(k) = -h(k) + 5*w(k). Let g be p(11). Give r(g).
-1
Let j(t) be the third derivative of -t**4/6 - 38*t**3/3 - t**2 - 343. What is j(-18)?
-4
Let t(x) = x**2 + x + 6. Suppose 0 = 3*p + 4*p + 56. Let r be 39/(-52) + (-6)/p. Determine t(r).
6
Let w(u) = -2*u**3 + 11*u**2 - 8*u - 9. Let g(z) = z**2 + 19*z - 37. Let q be g(2). Give w(q).
-24
Let d(x) = 8*x**2 - 7*x - 1. Let k(z) = -7*z**2 + 6*z + 1. Let b(g) = -5*d(g) - 6*k(g). Let c be b(-1). Let w(i) = i + 0*i + c + i - i. What is w(5)?
7
Let m(n) be the second derivative of 1/6*n**3 - 1/12*n**4 - 79*n + 0*n**2 + 1 - 13/10*n**5. What is m(1)?
-26
Let n(y) be the second derivative of -1/2*y**2 + 6*y + 0 - 1/6*y**3. Suppose -o = g - 2, 2*o - g + 14 - 3 = 0. What is n(o)?
2
Suppose -3*y - 240 = y - 2*v, 5*y + 297 = v. Let k = 62 + y. Let o(c) = 0*c**k + 5*c**2 - 4*c - c + c**3 - 4. What is o(-5)?
21
Let t(u) = -u - 24. Suppose -3*j - 54 = -3*n, 23*n - 20*n + 18 = 0. Determine t(j).
0
Suppose -217 = -2*t - 67. Let l = t + -84. Let h(n) = -92*n - 1 + 0*n**2 + 101*n + n**2. Give h(l).
-1
Let f(a) = a**3 - 14*a**2 + 52*a - 21. Suppose -12 = 3*y + 5*i, -2*y - 63*i = -58*i + 18. Give f(y).
3
Let s(g) = -18*g - 9*g - 11 + 10*g + 4*g + g. What is s(-2)?
13
Let d(n) = -n - 6*n - 4 + 0*n**2 + 1 + n**2. Suppose -3*k - 218 = -x, -5*x + 2*k = -6*x + 198. Let f = x - 200. Calculate d(f).
-9
Let w(n) = -18*n + 14*n - 6*n. Let d be (-12)/9*(-14)/(224/12). Determine w(d).
-10
Let w(r) = -3*r + 1. Let l(f) = -5*f**2 - 28*f + 2. Let k(y) = -9*y**2 - 56*y + 3. Let t(o) = 3*k(o) - 5*l(o). Let d = -84 - -70. Let q be t(d). What is w(q)?
4
Suppose -2*k + 27 = 5*p, -5 = -p - k - 2. Let o(s) = s**3 - 8*s**2 + 10*s - 17. Let r be o(p). Let d(h) = h**2 - h + 5. Calculate d(r).
17
Let c(z) be the first derivative of -3*z**2 + 23*z - 280. Determine c(3).
5
Let b be (-6)/(-36)*(0 + 12). Let l(h) = 5*h + 2 - 78*h**b - h**3 - 78*h**2 + 158*h**2. Give l(4).
-10
Let g(c) be the third derivative of -c**6/120 - c**5/20 + c**4/12 + c**3/2 - c**2. Suppose -7*z - 116 = -18*z - 138. Determine g(z).
-5
Suppose 0 = -4*g + 86*d - 81*d + 12, 4*d + 18 = -g. Let v(q) = -15*q**2 - 7*q - 11. Determine v(g).
-57
Let f(g) be the third derivative of -g**6/120 - g**5/12 + 3*g**4/4 + g**3/2 + 2838*g**2 - 1. Determine f(-8).
51
Let i(x) = 3*x + 7. Suppose -5*o + 0*o = 5*h + 35, 2*o - 4*h = 16. Let u(f) = 35*f + 64. Let d be u(o). Calculate i(d).
-11
Let m(l) = -l**2 - 22*l + 5. Let k(o) = -2*o**2 + 2*o. Let w(h) = -k(h) + m(h). What is w(24)?
5
Let f(d) = -2*d - 3. Let y be (-4 - (-7 + 5))/((-4)/14). Suppose 5 - 47 = y*m. What is f(m)?
9
Let z be -9*(-4)/72 + (-472)/(-16). Let u(w) = w**2 - 30*w - 2. Calculate u(z).
-2
Let z be (-4)/6*(-105)/10. Let v(j) = 2*j - z + 4*j**2 - j + 12 - j**3. Calculate v(4).
9
Let k = 4188 - 4186. Let h(d) be the first derivative of -4*d + 7/2*d**k + 8. Determine h(3).
17
Let q(c) = 56*c - 112*c + 57*c. Let j(v) = 5*v - 6. Let d be -4*(-2 + 2 + -1). Let m(p) = d*q(p) - j(p). Give m(7).
-1
Let m(i) = 2*i**3 - 8*i**2 - i - 14. Let s(h) = 3*h**3 - 9*h**2 - h - 19. Let b(o) = -4*m(o) + 3*s(o). Let z = 10 - 15. Determine b(z).
-6
Let f(u) be the third derivative of 0 + 36*u**2 - 1/60*u**5 + 11/120*u**6 - 1/24*u**4 - 1/6*u**3 + 0*u. Calculate f(-1).
-12
Let m(k) = 11*k - 420. Let y(a) = -20*a + 833. Let o(l) = -7*m(l) - 3*y(l). Give o(26).
-1
Let h(k) be the third derivative of -1/12*k**4 - 71*k**2 + 0*k + 2/3*k**3 + 0. What is h(8)?
-12
Let j(i) = -i**3 + 8*i**2 + 17*i + 18. Suppose -25 = -d + 54*p - 59*p, -59 = -5*d - 3*p. What is j(d)?
-12
Let g(b) = -2*b**3 - 3*b**2 - 2*b + 1. Suppose 5*k + 63 + 587 = 0. Let d = -132 - k. Give g(d).
9
Let f(j) = 2826*j - 235 - 916*j - 940*j - 855*j. Give f(2).
-5
Let n(v) be the second derivative of -5/12*v**4 - 2 - 1/20*v**5 - 7/6*v**3 - 3*v**2 - 11*v. Give n(-4).
6
Let p(l) = -44*l - 4621. Let a be p(-105). Suppose 19 = 3*w - 4*h, 2*w = -2*h + 6*h + 14. Let m(u) = 4*u - 2*u**3 - 3*u + 2*u**2 + w*u**3. Determine m(a).
-2
Suppose -145*v - 281*v + 1032 = -246. Let i(s) = 12*s**2 + 2*s + 4. What is i(v)?
118
Suppose 0 = -47*j + 31*j. Let t(q) = -46 - 40 - q + 85 + j*q. What is t(-5)?
4
Let u = 5315 - 5326. Let o(t) be the first derivative of t**2 + 16*t - 3. Determine o(u).
-6
Suppose 3*m = 2*n - 20, -18*m = -2*n - 19*m + 4. Let q(a) = -3*a**2 - 2*a + n*a - 3*a**2 - 4*a - 3 + 4*a**2. What is q(3)?
-27
Let n(u) = u + 31. Suppose -23*r - 972 = 4*r. Determine n(r).
-5
Let a be (-36)/8*(7 + -5). Let s(b) = 0*b**3 - 5*b + 26 - 1 - 10*b**2 + 2*b**3. Let z(c) = -c**3 + 5*c**2 + 3*c - 12. Let m(j) = a*z(j) - 4*s(j). What is m(6)?
2
Let v(m) = 14 + 33 - 25*m + 25 + 22*m - 51. Give v(5).
6
Suppose 0*o = -5*o + 45. Let g be 16/6*o/(-4). Let j(u) = -88*u - 7. Let v(a) = -247*a - 20. Let f(k) = -14*j(k) + 5*v(k). Give f(g).
16
Let g = -555 + 562. Let j(r) = 12*r - 81. Calculate j(g).
3
Let k(m) be the second derivative of -m**4/12 - 5*m**3/3 + 15*m**2/2 - 17*m. Let v be (4/(-16)*-2)/((-49)/1078). Give k(v).
4
Let j(a) = a + 4. Suppose -110 + 318 = 4*u. Suppose 16 = -3*b + 11*b - 16. Let k be ((-78)/u)/(6/b + -1). Calculate j(k).
1
Let f(d) be the first derivative of d**3/3 - 6*d**2 + 20*d + 43. Let c be f(11). Let o(g) = -15 - 3*g**2 + c*g + 22 + 11*g**2 + g**3. Calculate o(-7).
-7
Let s be (726/88)/(9/12). Let y(i) = i**3 - 12*i**2 + 9*i + 7. Determine y(s).
-15
Suppose -12*f = -7 + 7. Suppose -4*v + 3*o + 2 + f = 0, -2*o - 2 = -3*v. Let y(p) = 6*p + 1 + v - 2*p - 137*p**2 + 136*p**2. What is y(6)?
-9
Let g be 4*(-6)/(-16) - (-7067)/2. Let w(c) = 5*c - 2*c - g*c**2 - 2 + 3534*c**2 + 3*c. Calculate w(5).
3
Let y(u) = u**2. Let r(v) = -3*v**2 - 3*v - 2. Let b(q) = -r(q) - 2*y(q). Let c = 365931 - 365936. Give b(c).
12
Let y(w) be the first derivative of 3*w**2/2 - 8*w + 4351. Suppose -36 = -4*r - 0*r. What is y(r)?
19
Let x(g) be the first derivative of -g**3/3 + 6*g**2 - 17*g - 1618. Give x(9).
10
Let m(v) be the first derivative of -28 + 5/2*v**2 - 3*v. Give m(5).
22
Let h(q) = 6*q - 14. Suppose 0 = -13*j + 4*j + 27. Let t be h(j). Let i(r) = -3*r + 5. Give i(t).
-7
Let t(j) = j + 3. Let l be t(0). Let c(d) = -14*d**2 + 13*d - 14. Let z(b) = -5*b**2 + 5*b - 5. Let i(o) = 6*c(o) - 17*z(o). What is i(l)?
-11
Let s(b) = -5*b - 63. Suppose -3*w = -l + 63, -51*w + 46*w = -2*l + 106. What is s(w)?
37
Let d(n) = n**2 + 5*n + 4. Let k be 6/21 - (-26)/7. Suppose -8 = -4*z + 3*w, 0 = 2*z + 2*w - 36 + 32. Suppose k - 10 = z*v. Give d(v).
-2
Let d(n) = 3*n**2 + n + 3. Let k(u) = -7*u**2 - 4*u + 9. Let b(c) = 2*d(c) + k(c). Give b(4).
-9
Let h(r) = 8*r + 2. Let c(j) = j**3 - 59*j**2 - 58*j - 131. Let t be c(60). Give h(t).
-86
Let m be 488/(-88) + (-8)/(-1) + 12/22. Let d(f) = 2*f**3 - 4*f**2 + 3*f - 6. Determine d(m).
21
Let z = -234 + 244. Suppose -z*u - 48 = 6*u. Let m(g) be the second derivative of g**4/4 + g**3/2 + g. What is m(u)?
18
Let u(s) be the third derivative of s**4/4 - s**3/6 + 2*s**2 + 29. Suppose 0 = 15*r - 13*r + 4, -4*l + 2 = -3*r. What is u(l)?
-7
Let o(w) = 251 + w**2 - 239 + 16*w + 0*w**2 + 0*w**2. Let z(l) = l**2 + 11*l - 41. Let f be z(-13). What is o(f)?
-3
Let f = -401 + 567. Let v(q) = -174*q + 8 + 0*q**2 + q**2 + f*q. Calculate v(8).
8
Let z(u) be the third derivative of u**5/20 - 5*u**4/4 + u**3/2 + 204*u**2 - 2*u + 4. Give z(10).
3
Let b(d) = -11*d - 28. Let f(j) = 5*j + 13. Suppose -12*q - 17*q - 116 = 0. Let r(n) = q*b(n) - 9*f(n). What is r(-4)?
-1
Let q(i) be the first derivative of -2*i**3/3 - i**2/2 - 3*i + 1264. Give q(3).
-24
Let s(z) = 3*z**2 - 11*z + 13. Let m be s(1). Let w(h) = 3*h + 5. Let c(i) = -3*i - 4. Let b(g) = m*c(g) + 4*w(g). What is b(-3)?
9
Let x(n) = -n**2 - 2. Let t = -85 + 84. Let i be x(t). Let r(a) = a - 4. Calculate r(i).
-7
Let k(p) = 2*p - 6*p - 949181 + 949146. What is k(-9)?
1
Let q(m) = -10*m + 2. Let c = 64 - 58. Suppose -c*z - 96 = 60. Let s = 24 + z. Determine q(s).
22
Suppose -1060 + 5972 = -8*i. Let l = i + 608. Let c(s) = -s**3 - 5*s**2 + 6*s - 8. Calculate c(l).
-8
Let j(a) = -a**3 + 8*a**2 + 11*a + 1. 